
-3
Let p(q) = -2*q**2 - 5*q - 10. Let y be 11/(-3) + 187/51 + -4. Determine p(y).
-22
Let u(m) = -m**3 - 7*m**2 - 11*m - 29. Let t be u(-6). Let l(c) = -7*c**3 + c**2 - c + 1. Determine l(t).
-6
Let f(s) be the third derivative of s**8/6720 + s**7/504 + s**6/144 + s**5/20 + s**4 - 32*s**2. Let u(o) be the second derivative of f(o). Determine u(-4).
2
Suppose -4*y - 2*m = 48, 5*y = -4*m - 49 - 14. Let v(w) = w - 3. Calculate v(y).
-14
Let m(n) be the first derivative of -7*n**4/4 + n**3/3 - 475. Let h = -3 - -4. What is m(h)?
-6
Let q = -39 + 41. Let w(u) = 3*u - 3. Determine w(q).
3
Let i(m) = -m**2 + 8*m - 7. Let a = 10 + 28. Let l = -33 + a. What is i(l)?
8
Let d(b) = b**2 + 5*b + 7. Let c be d(-2). Let j(t) = -1. Let i(o) = -o - 6. Let f(p) = c*i(p) - 2*j(p). Give f(-3).
-1
Let b be 74/19 + (-32)/(-304). Suppose 0 = -6*f + f - b*o - 4, 2 = -2*f - 2*o. Let h(p) = p**2 + p - 4. What is h(f)?
-4
Let y be (2 - 5) + -6 + 6. Let p be y/1 + 0 + -4. Let u(c) = c**2 + 7*c - 2. Determine u(p).
-2
Let t(d) = 783*d**2 - 782*d**2 + 6 + 8*d - 4*d. Determine t(-5).
11
Let o(d) be the first derivative of d**3/3 + 5*d**2/2 + 7*d - 821. Determine o(-7).
21
Let l(d) be the third derivative of d**4/8 - 4*d**3/3 - d**2. Let n(u) = u - 3. Let g(j) = -6*l(j) + 17*n(j). Let y = 1056 + -1061. What is g(y)?
2
Let g(t) be the second derivative of -t**4/12 - 7*t**3/6 + t**2/2 - 28*t. What is g(-8)?
-7
Let b(u) = u**3 - 3*u**2 + 2*u - 2. Let l(h) = 3*h - 11. Let j be l(17). Suppose -28 = 4*q - j. Suppose 3 = x + q*c, 2*x + 5*c = 4 + 2. Give b(x).
4
Suppose k - 3*k + 4 = 0. Let u(p) = 12*p - k*p**2 + p**3 - 6*p - 7*p - 5 - 3*p. Give u(4).
11
Let u(r) = 123 - 240 - 3*r + 117 - r. Determine u(-5).
20
Let y(h) = -h**3 - 4*h**2 + 3. Let c = 71 + -37. Let f = 36 - c. Suppose -20 = 3*v + f*v. What is y(v)?
3
Let o(l) = l**3 + 6*l**2 + 6*l + 3. Let j(p) = 5*p - 10. Let b be j(1). What is o(b)?
-2
Let k(s) = s - 46. Let f be k(14). Let l = -31 - f. Let m(h) = -11*h**2. Give m(l).
-11
Let a(i) = -2*i**2 - 6*i + 5. Let o be 0 - -1*(-8)/2. Calculate a(o).
-3
Let w be -1 + -35 - (2 + 20/(-5)). Let o = w + 38. Let g(m) = -m**3 + 4*m**2 - 2*m + 2. Calculate g(o).
-6
Let h(v) be the third derivative of v**6/120 - v**5/10 - 7*v**4/24 - v**2. Suppose 2*f - 2*y - 22 = -2, 2*y + 13 = f. Determine h(f).
0
Let q(y) be the second derivative of -7*y**4/12 - y**3/6 + y**2 + 7*y - 16. Determine q(-2).
-24
Let h(v) = -30*v**2 - 34*v**2 + 117*v**2 - 3 - 27*v**2 - 11*v - 27*v**2. Give h(-11).
-3
Let z = 14 + -9. Suppose 0 = 3*w - 5*w + 8. Suppose -d - 7 = 2*f, -z*f + w*d = -d + 10. Let s(i) = i**3 + 4*i**2 + i + 4. Determine s(f).
10
Let u be (-912)/(-96) - (2 + 1/(-2)). Let v(l) = l**3 - 8*l**2 - l + 11. Determine v(u).
3
Let i(b) = -b**3 + 5*b**2 + 3*b + 7. Let x = 24 + -23. Let l be -64 + (-3 - -1)*x. Let a be 3/(-5) + l/(-10). Determine i(a).
-11
Let i(c) = -3*c**2 + 10*c - 5. Let r(a) = -7*a**2 + 21*a - 9. Let b(x) = 5*i(x) - 2*r(x). Let o = 178 - 112. Suppose 11*p = -0*p + o. Give b(p).
5
Suppose -15 = -o + b, 0 = -2*b - 0 - 4. Let z = -16 + o. Let p(d) = -d**3 - 3*d**2 + d - 3. Give p(z).
-6
Let p = -203 - -190. Let j(k) = -k - 5. What is j(p)?
8
Let y(k) = -k + 4. Let r be y(0). Let c(n) be the third derivative of -n**6/120 + n**5/30 + 5*n**4/24 - n**3/6 + 220*n**2. What is c(r)?
-13
Let a(l) = l**3 + 2*l**2 - 8*l + 20. Let n(o) = -o**2 + 2. Let r(c) = -a(c) + 5*n(c). Give r(-8).
-10
Let u(k) be the second derivative of -k**4/6 - 5*k**3/3 + 11*k**2/2 - 36*k. Let d(b) be the first derivative of u(b). Give d(-7).
18
Let p(m) = -3*m**3 + 15*m**2 + 4*m + 9. Let o(n) = -4*n**3 + 22*n**2 + 6*n + 13. Let l be (-1)/3 - 11/(231/(-112)). Let y(s) = l*o(s) - 7*p(s). Calculate y(-5).
-8
Let f = 844 + -842. Let l(t) be the third derivative of -2*t**f + 1/30*t**5 + 0 - 1/6*t**3 + 0*t + 0*t**4. What is l(1)?
1
Let d(h) be the first derivative of h**4/24 + 2*h**3/3 + 8*h**2 - 26. Let y(u) be the second derivative of d(u). What is y(-5)?
-1
Suppose 68*z - 57 = 65*z. Suppose -11 = -k - z. Let y(h) = -2*h - 12. What is y(k)?
4
Suppose -4*l = 12, 0 - 6 = 3*n - 4*l. Let z(i) = -3*i + 10*i + 3 + 3*i**2 - 2*i**2. Determine z(n).
-3
Suppose x - 8*l - 28 = -3*l, -3*x = 2*l + 1. Let c(n) = n**2 + 2*n - 3. Determine c(x).
12
Let y(n) = 3*n**2 - 13*n + 9. Let u be y(3). Let g(i) = -i**2 - 3*i - 9. Let p(v) = -3*v**2 - 8*v - 26. Let l(o) = u*p(o) + 8*g(o). Calculate l(0).
6
Suppose -10*v + 92 - 32 = 0. Let s(f) = 5*f - 1. What is s(v)?
29
Let x(p) be the second derivative of -5/2*p**2 - 1/20*p**5 + 7/6*p**3 + 0 + 5/12*p**4 - 13*p. Calculate x(6).
1
Let y(a) = a**2 + a + 1. Let w be y(-3). Let p(s) be the third derivative of -s**4/24 + s**3/6 - 208*s**2 + 4*s. What is p(w)?
-6
Let g be 1/((1/4)/((-21)/4)). Let z be (1 - 12/(-2)) + g/7. Let n(c) be the first derivative of -c**3/3 + 3*c**2/2 + 3*c + 3. Determine n(z).
-1
Let l(f) = -11*f + 52. Let y(i) = -4*i + 18. Let a(t) = -3*l(t) + 8*y(t). Determine a(11).
-1
Let o be 17/(-4) + 4/16. Suppose 2*k = -3*l + 1, 0 = 3*l - 0*l + 5*k + 11. Let d(v) = 4*v**2 + 299*v**3 + v + 4 - 298*v**l + v. Give d(o).
-4
Suppose 7*k = -49 + 280. Let j(d) = 33 - 64 + d**2 + k - 5*d. What is j(4)?
-2
Let c(k) be the first derivative of k**3/3 + 11*k**2/2 + 20*k - 174. Calculate c(-7).
-8
Let q(g) = 4*g - 39*g**3 + 40*g**3 + 321 - 323 - 6*g**2. Give q(5).
-7
Let q(k) be the second derivative of -k**5/20 - 7*k**4/12 - k**3/3 - 5*k**2 - 2*k. Let l = 177 - 124. Let a = 46 - l. Calculate q(a).
4
Let r(q) = -q**3 + 4*q**2 + 4. Let t be 16 + 18/(-3) - 7. Calculate r(t).
13
Let s(b) = 5*b**2 - 8*b + 18. Let a(w) = -w**2 - w. Let h(i) = 6*a(i) + s(i). Let z be h(-15). Suppose 0 = c - z + 6. Let o(k) = -k**2 - 2*k + 3. Give o(c).
0
Let f(q) = -q + 10. Let s be 4*(-14)/84*21/(-2). Give f(s).
3
Let k(y) = 13*y - 1. Suppose 3*w + w - 1 = g, -g = -3*w. Suppose -3*a = -g*v - 3, -3*a = -8*a + 4*v + 5. Calculate k(a).
12
Let b(s) = 7*s**2 - s + 6. Let v(n) = 23*n**2 - 7*n + 21. Let l(h) = 22*h**2 - 6*h + 20. Let x(g) = -3*l(g) + 2*v(g). Let t(d) = -17*b(d) - 6*x(d). Give t(5).
-4
Let k(m) = 3*m**2 - 28*m - 37. Let b(f) = -f**2 + 14*f + 18. Let j(u) = 5*b(u) + 2*k(u). Give j(-12).
-8
Let a(m) = m + 3. Let j(k) = 10*k + 26. Let i(l) = 5*l + 13. Let c(b) = -13*i(b) + 6*j(b). Let n(h) = -9*a(h) - 2*c(h). What is n(-1)?
-2
Let x(y) be the first derivative of -y**3/3 - y**2 - 102. Give x(3).
-15
Let m(x) = -4*x - 28. Let b(q) = q + 7. Let j(z) = -22*b(z) - 6*m(z). Give j(-9).
-4
Let s(m) be the third derivative of -m**4/12 - 6*m**3 - 19*m**2 - 2*m. What is s(-15)?
-6
Suppose 2*m - 84 = -2*w, 5*w + m - 215 = -3*m. Let n(c) = 1 + 19*c - w*c + 17*c. What is n(-1)?
12
Let u(k) = k**3 + 5*k**2 - 6*k - 8. Suppose -2*v = -v + 6. Let a be (12/v)/(3/9). Calculate u(a).
-8
Let q be 2/(2*2/4). Suppose 22*j - 27 = 25*j. Let z = q + j. Let v(x) = x**2 + 7*x - 10. Determine v(z).
-10
Let x be 3/(-2)*(-1)/6*-4. Let v(o) = 4*o**3 - o**2 - o. Let y(i) = i**3. Let p(m) = x*v(m) + 3*y(m). Calculate p(-1).
1
Let l(j) = -j**3 + 8*j**2 - 8*j + 3. Suppose -d - 3 + 2 = -2*o, -2*d = o - 3. Let v(y) = -2*y**2 - d - y + y**2 - 3*y - 2*y. Let g be v(-4). Determine l(g).
-4
Let g(l) be the third derivative of -1/8*l**4 + 1/60*l**5 - 1/2*l**3 + 0 + 10*l**2 + 0*l. Determine g(4).
1
Let a(r) = r**2 - 5*r - 7. Let j(x) = -3*x**2 - 41*x + 14. Let q be j(-14). Suppose 0 = 4*w + 2*h - 9 - 21, -5*w + h + 27 = q. What is a(w)?
-1
Let r(s) = -99*s + 26. Let a(q) = 37*q - 9. Let t(j) = -8*a(j) - 3*r(j). What is t(6)?
0
Suppose 4*c = 3*v - 8 + 26, -c - 2*v + 10 = 0. Let q(m) = 49*m - 5 - 103*m + 53*m - m**3 - c*m**2. Give q(-6).
1
Let c(h) = -3*h - 5. Suppose -4*t = 4*o - 128, -4*o + 143 = -2*t + 15. Suppose i = 9*i + o. Calculate c(i).
7
Let p(n) = -n**3 - 3*n**2 - 2. Let f = 28 + -24. Suppose k - 2*x = -3*k - 18, 3*k - 3 = -f*x. Calculate p(k).
-2
Let o = 1960 - 1961. Let t(n) be the second derivative of -n**5/4 - n**3/6 - n**2/2 + 2*n. Determine t(o).
5
Suppose -180 = -5*d + 5*m, 26 = -3*d + 4*d + m. Let o = 26 - d. Let t(x) = -x - 7. What is t(o)?
-2
Let f(o) = 5*o + 6. Let h(i) = 4*i + 7. Let s(z) = -5*f(z) + 4*h(z). Let l be 2/(-16) - 60/32. Give s(l).
16
Let a(h) = 8*h + 99. Let j be a(-12). Let t(q) be the third derivative of -2/3*q**j + 0*